/(-18) + 264/27?
0
What is the units digit of (-1926)/(-30) - 1/5?
4
Let s(n) be the first derivative of n**2/2 + 5*n - 1. Let r be s(0). Suppose -i + 3*i = -4*m + 8, 4*i = -r*m + 13. What is the units digit of i?
2
Suppose 2*x - 8 = 0, -3*g + 4*x = 2*g - 19. Let m be 484/28 + (-2)/g. Suppose 5*p = -4*s, 2*p = -4*s - s + m. What is the units digit of s?
5
Let r(z) = z**3 + z**2 + z - 1. Let t be r(1). Suppose t*c - 11 = -3. Let d(g) = -g**3 + 6*g**2 - 5*g - 3. What is the units digit of d(c)?
9
Suppose 3*i + 15 = -4*y, 4*i + 0*i = -2*y - 10. Let v = 1 - i. What is the units digit of v?
2
Let o(x) = -5*x + 3. What is the tens digit of o(-3)?
1
Let d(c) = -3 - 5*c - 6 - 4*c. Let o be d(-7). Suppose 7*b = 4*b + o. What is the units digit of b?
8
What is the units digit of (16 + -12)*1/4?
1
Let j = 78 - 53. Suppose 91 = 3*q + j. Suppose -q = 3*b + 2*d + 3*d, 0 = -3*d - 15. What is the units digit of b?
1
Let w(c) = -2*c**2. Let y be w(-1). What is the units digit of 8 + (y - -2) + 1?
9
Let j(w) = -w**3 + 6*w**2. Let a be j(6). Suppose a*n + 24 = -n. What is the units digit of (n/(-18))/((-2)/(-6))?
4
Let o = 8 + -17. What is the units digit of 17 + (o/(-3) - 4)?
6
Suppose 2*r - 3*r = 0. Suppose 0*p + 5*m + 17 = 2*p, -p - 4*m + 15 = r. Let a = 2 + p. What is the tens digit of a?
1
Let v(a) = 19*a + 1. What is the tens digit of v(1)?
2
Let t = -45 - -22. Let u = -18 - t. What is the units digit of u?
5
Let y(f) be the third derivative of f**4/24 + 2*f**3 + f**2. Let u(x) = -x + 7. Let r be u(17). What is the units digit of y(r)?
2
Let j(v) = -v**2 + 12*v - 8. Let o be j(11). What is the units digit of 4*((-6)/(-2))/o?
4
Let v(s) = s - 14. Let i be v(9). Suppose 0 = -3*x + 2*l + 20, -5*l = 4*x + 2 + 2. What is the units digit of (-1 - i) + 8/x?
6
Suppose -p = -0*p - 36. Let m = 51 - p. What is the tens digit of m?
1
Let u = 8 - 7. Suppose -9 = -5*g - 2*q, 5*g - u = 2*q - 0. What is the units digit of g?
1
Let h(t) = -t - 9. Let l be h(-9). Let w = 10 + -5. Suppose -w*k + 3*d + 63 = l, 7*k - 50 = 3*k + 2*d. What is the units digit of k?
2
Let t(q) = -2*q + 3. Let p be t(2). Let k(r) = -r**3 + 7*r**2 - 6*r + 5. Let b be k(6). Let g = p + b. What is the units digit of g?
4
Let x = 2 + -4. Let t be 1 + 2 + x - 15. What is the units digit of (-24)/t - 8/(-28)?
2
Suppose -45 = -5*v + 45. Let s = v + 4. What is the tens digit of s?
2
Let y = -18 - -25. Let x(b) = b**3 + 5*b - 7 - 11*b**2 + 7*b + 3*b**2 - 2*b. What is the tens digit of x(y)?
1
Let i be -1 + (2 - 129/(-3)). Suppose 2*c - i = -2*c. What is the tens digit of c?
1
Suppose 1 = b - 0*b. Suppose 0 = 2*k - 1 - b. What is the units digit of k?
1
Suppose -5*n = 38 + 32. Let a = n + 23. What is the units digit of a?
9
Suppose 8*v - 3*v = 1040. Suppose v = 5*r - r. What is the units digit of r?
2
Let t be 1 + (-2 - -1)*1. Suppose t = -w - 4*w + 115. What is the tens digit of w?
2
Suppose 0 = -a - 2*y - 7 + 17, -3*y = -15. Suppose a = 2*m + 2*m - 32. What is the units digit of m?
8
Let x(c) = -c**2 + 27*c + 5. What is the tens digit of x(11)?
8
Suppose 5*c - 17 = b + 2, 4*c = 4*b + 28. Suppose -d = 5*a - 151, -a = -2*a + c*d + 27. What is the units digit of a?
0
Suppose -2*q = -4*q + 6. Suppose -q*t = -2 + 23. Let k = t - -11. What is the units digit of k?
4
Suppose 867 = 3*w - 3*b, -5*b = 4*w - 1435 + 234. What is the units digit of w?
4
Suppose -3*o - 15 = -0*o. Let i(x) = -x**3 - 4*x**2 + 3*x - 4. What is the units digit of i(o)?
6
Let i = 25 + -17. Suppose -5*k + 3*l = -45, 0 = -3*k - 2*l - 0*l + i. Suppose k = 4*m - 10. What is the units digit of m?
4
Let h be 1/2 + (-35)/(-10). Suppose h*l + 4 = 6*l. What is the units digit of l?
2
Let i = 15 + 0. What is the units digit of 231/i + (-3)/(-5)?
6
Suppose -4 = i, -5*r + r = -3*i - 68. Let t = r - -3. What is the units digit of t?
7
Let h = -39 - -78. What is the tens digit of h?
3
Let l = 4 - -1. Suppose 0 = -l*a + 23 - 3. Suppose -3*r + n + 15 = -r, -2*r + a*n + 24 = 0. What is the units digit of r?
6
Suppose -3*d - d = -520. What is the hundreds digit of d?
1
Let s = 4 - 3. Suppose -3*w = 10 - s. Let y = -2 - w. What is the units digit of y?
1
Let f = 4 - 2. Suppose -f*o = 2*o. Suppose o = -u + m - 1, -2*u + 3*m - 8 + 1 = 0. What is the units digit of u?
4
Let g be 3/9 - (-105)/9. Let h(j) = 2 + 7*j - 1 - g*j - 8*j. What is the tens digit of h(-1)?
1
Let x(y) = -y**3 + 5*y**2 - 10*y + 6. Let s be x(6). What is the units digit of s/4*(-12)/9?
0
What is the tens digit of 2*-2*(-225)/12?
7
Suppose 0 = 3*k - 10 + 1. Suppose -3*n - 3*r = -0*r, -n + 20 = -k*r. Suppose -l - 20 = -n*l. What is the units digit of l?
5
Suppose 8*b - 6*b = 62. Suppose -b = 4*p - 187. What is the tens digit of p?
3
Let x(h) = -246*h**2 + 4*h - 3 - 5*h + 251*h**2. What is the tens digit of x(-3)?
4
Let z(u) = -u**3 - 9*u**2 - 9*u + 8. Let o be z(-8). Suppose -2*y = 2*y + o. What is the units digit of ((-2)/y)/(1/16)?
8
Suppose -4*y - y + 180 = 5*q, -2*y - 4*q + 80 = 0. What is the tens digit of y?
3
Let d = 294 + -88. What is the tens digit of d?
0
Let r = 4 - 2. What is the units digit of 2 + (-2 - (-2)/r)?
1
Suppose a = 2*o - 12 - 0, 5*a = 3*o - 32. Suppose 2 - 49 = -2*n + y, 74 = o*n + 2*y. What is the units digit of n?
1
What is the tens digit of 278*(10/(-4) + 9 + -6)?
3
Let h = 40 + -26. What is the units digit of h?
4
Suppose -4*s = -j - 16, s + 2*j + 2 = -3. Suppose 0 = 4*r, 4*v - 2*r = s*r. Suppose m + v*m = 10. What is the units digit of m?
0
Let m(n) = 2*n**2 - 1. Let j be m(-2). Suppose 76 = j*v - 3*v. Let a = v - 12. What is the units digit of a?
7
What is the hundreds digit of 12/(-18) - 2374/(-6)?
3
Let y(s) = s**2 - s - 2. Let k be y(3). Let a = 13 - k. Suppose 2 + a = l. What is the tens digit of l?
1
What is the tens digit of (14*5 - -2) + 0?
7
Suppose -7 + 1 = -2*b. Suppose -5*z = 4*t - 27, 2*z - b*t - 22 = t. What is the units digit of z?
7
Suppose -b - 2*c = 6, 0 = 4*b - 3*c - 5 + 18. Let u(m) = -m**3 - 3*m**2 + 2*m + 5. What is the units digit of u(b)?
3
Suppose -5*k + 5*n = 30, -2*k - 4*n = n - 9. Let y = 6 - k. What is the units digit of y?
9
Let m(x) = 4*x**2 + 1. Let v be m(-1). Suppose u - 3*u - 15 = -v*y, -4*y = u + 1. What is the units digit of y?
1
Suppose -776 = 4*f - 8*f. What is the units digit of f?
4
What is the tens digit of -1 + (-1)/(-3)*471?
5
Let g(p) = 4*p + 2. Let z be g(-3). Let s = z + 17. Suppose 5*n + 40 = 4*r, -3*r + s*r - 40 = n. What is the tens digit of r?
1
Let w = 4 + -9. What is the tens digit of 204/20 + 1/w?
1
Let o(u) = -9*u**3 - 3*u**2 - 4*u - 2. What is the tens digit of o(-2)?
6
Suppose 0 = n - 2*l + 4, 5*n = -0*n - 3*l + 19. What is the units digit of (-2 + 4)*3/n?
3
Let c(v) = v**2 - v + 2*v**2 - v**2 + 2 + 0*v**2. What is the units digit of c(2)?
8
Let w(a) = 24*a**2 - 1. Let c be w(-1). Suppose -5*y - 2*f = 2*f - c, 2*f = -3*y + 15. Suppose s = -5*x - 10, 5*x - y = 2*s - 32. What is the units digit of s?
5
Let n be 0*(2 + 2/(-2)). Suppose -2*i - 2*i + 60 = n. What is the tens digit of i?
1
Suppose -2*b + 5*w + 96 = w, 3*b - 4*w - 136 = 0. What is the tens digit of b?
4
Let p = -10 - 0. What is the units digit of -2 + 1 + (0 - p)?
9
Let k(f) = -f**2 - 2*f + 2. Let v be k(5). Let d = v + 69. What is the tens digit of d?
3
Let c(y) = y**3 + 4*y**2 + 4*y + 4. Let w be c(-4). What is the tens digit of 18/w*(-64)/3?
3
Let h = -39 + 125. What is the tens digit of h?
8
Let g = -16 + 96. What is the units digit of g?
0
Let l(t) = 3*t + 5. Let s be l(-4). Let b = 14 + s. What is the units digit of b?
7
Let m = 9 + 0. Let l(n) = 7*n**2 - 18*n - 7. Let y(t) = 10*t**2 - 27*t - 10. Let g(w) = 7*l(w) - 5*y(w). What is the units digit of g(m)?
1
Let m = -1 - -1. What is the units digit of -9*(-2)/(m + 2)?
9
Let d(a) be the first derivative of 7*a**2 - a + 1. What is the tens digit of d(1)?
1
Let s(c) = -c + 9. What is the tens digit of s(-15)?
2
Let s(x) = 8 + x**2 + 0 - x**2 + x**2 - 9*x. Let i be s(7). Let h = i + 10. What is the units digit of h?
4
Let c(u) = 4*u - 9. Let v(k) = -k + 1. Let r be v(-6). What is the units digit of c(r)?
9
Let n(f) = -2*f - 6. Let t be n(3). Let k = t - -14. What is the units digit of k?
2
Suppose o + 42 = 120. What is the tens digit of o?
7
Let x(r) = r + 4. Let y be x(-4). Suppose y = 5*a - 1